*r + 2*n. Let c = -6 - r. Is c a prime number?
False
Suppose 524204 - 69604 = 40*g. Is g a prime number?
False
Is 106*((-9)/12 + 122/8) a composite number?
True
Let t(a) be the second derivative of 46*a**4 - 5*a**3/2 - 3*a**2/2 + a - 85. Is t(-6) prime?
False
Let z be 47 - (-24)/40*1*-5. Let k = -38 + z. Is ((-1642)/(-4))/(3/k) prime?
True
Suppose 56 - 59 = -w. Let z be 0/(4 - w/(-9)*-6). Suppose j + p - 868 - 3346 = z, 2*j = -5*p + 8431. Is j prime?
False
Suppose -22*d + 3716472 = -27*d + 141*d. Is d prime?
False
Suppose -3 + 27 = 12*y. Suppose y*r - 3367 = 9125. Suppose 15*w - 24*w + r = 0. Is w a prime number?
False
Let o(p) = 3*p**2 - 20*p - 122. Let i be o(29). Let n = i - 632. Is n a composite number?
True
Is (-30601 + -2)*(-11 + 10) - -8 a composite number?
True
Is ((-40)/48)/5*-1258086 composite?
True
Let a = 6 - 3. Suppose -2*b - 2*b - 250 = -v, -3*v + 720 = a*b. Suppose -3*f = -u - 0*f + v, -3*f - 1270 = -5*u. Is u a prime number?
True
Suppose 5627 + 965 = -4*k. Let w = 5775 + k. Is w composite?
False
Suppose -2*s = 7*s - 27594. Suppose 4*u = s + 2458. Is u a composite number?
False
Suppose -2*c + 8*n - 13*n - 52087 = 0, -3*c - 78138 = 5*n. Let h = -15952 - c. Is h prime?
True
Let v(q) = 292*q - 137. Is v(16) composite?
True
Let l be -73*(-4 + 5 - 5). Suppose -4*f = -q - l, 0*q - 8 = 2*q. Let g = f + 47. Is g a prime number?
False
Let a(s) = -575*s + 1821. Is a(-106) a prime number?
False
Let g(a) = 20 + 5*a + 15 + 0 - 11. Let w be g(-4). Suppose -w*s + 657 = h, 3*h - 639 = 2*h + 5*s. Is h prime?
False
Suppose r = -2*w + 2, -w + 2*w + 4*r = 1. Is 56/70*w/(2/44845) composite?
True
Suppose -y = -t + 4*y + 24, 0 = -3*t + 5*y + 42. Is (t/45)/(1/16855) composite?
False
Is (9/(-3) + 1)*(-161319)/6 a prime number?
True
Let l = -23 + 25. Suppose -5*z + l = -4*n - 2, 0 = 3*n + 3. Suppose f = -3*q + 252, z = -2*f - f - q + 716. Is f a composite number?
True
Let p = 3190 - -1141. Is p prime?
False
Let f(s) = -562*s**3 + s**2 - 2*s - 2. Suppose -4*x + o = -1, 4*o = -31 + 11. Is f(x) a composite number?
False
Let m = -35047 - -50371. Suppose -7*f + 22903 + m = 0. Is f a composite number?
True
Suppose -4*o + 80393 + 39651 = 0. Is o a prime number?
True
Suppose -r = 6*r + 19691. Let n = 1720 + r. Let h = 224 - n. Is h prime?
False
Let x(j) = -3164*j**3 - j**2 + 6 + 5*j - 2 + 3150*j**3. Let i(c) = c**3 - c**2 - c - 3. Let a be i(0). Is x(a) composite?
True
Let v(d) = 9*d**3 - 6*d**2 + 8*d - 6. Let l = -37 + 47. Suppose 0*r - l = -2*r. Is v(r) composite?
False
Let t be (1/(-3))/(15/45). Let o(i) = 1 + 4*i - 406*i**3 + 0*i**2 + 3*i**2 + 2*i - 3*i. Is o(t) a prime number?
False
Let w = 73 - 76. Let j(b) = -36*b**3 - 2*b**2 - 3*b - 13. Let h be j(w). Suppose h + 305 = 5*q. Is q prime?
True
Let m be (-123)/(-2) - (7 - 153/18). Suppose m*p - 25277 = 236236. Is p prime?
False
Suppose -9*d - 8152 = -17*d. Suppose 3*a - 4*f = 1708, 4*a + 2*f + 570 = 5*a. Suppose a + d = 3*b. Is b a composite number?
True
Suppose 4*i - 56 = d, 20*d = -3*i + 22*d + 47. Let m(g) = 45*g - 44. Is m(i) a prime number?
True
Let p = 1317 - -11936. Is p prime?
False
Is (-15 - -17) + (-3 + 26)*43 composite?
False
Let q(d) = -d**3 + 21*d**2 + 13*d + 53. Let h be q(22). Let x = 153 + h. Let s(a) = 214*a - 39. Is s(x) prime?
False
Is (-3737514)/(-15) + 42/(-70) prime?
False
Suppose 67285 = 5*x - 1225. Let i = -8117 + x. Is i a composite number?
True
Let y be 30/40 - -46*(-2)/16. Is 146440/50 + y/(-25) a prime number?
False
Suppose 16*g = 2*g. Suppose g = -p - p - 2*w + 14, -24 = -4*p - 5*w. Suppose -3170 = p*v - 13*v. Is v a composite number?
True
Suppose 2*p = 2*t - 6*t + 104984, -3*p = -5*t - 157487. Let f = p + -35623. Is f composite?
False
Let q(a) = 26820*a - 8. Let k be q(-2). Is 3*(-3 - k/21) a prime number?
False
Let w(o) = 8*o**2 + 9*o + 7. Let d be w(-6). Let x = d + -92. Is x a prime number?
True
Let z be 1*10/(-35) - (-354)/14. Let y be -4 - -7 - z*-73. Let w = -911 + y. Is w a composite number?
True
Let g = 0 - -5. Suppose 2*r = -5*z + 13535, g*r - 13535 = 4*z - 9*z. Suppose -2*v + z = 189. Is v a prime number?
True
Suppose -21*s = -2000302 - 5387120. Is s prime?
False
Suppose 279*u - 2*k = 274*u + 1132282, -5*u + 1132300 = -5*k. Is u a prime number?
False
Suppose 2998*n + 216675 = 2982*n + 813779. Is n a prime number?
False
Let o be (-3 - 0) + (-6 + 15 - -4). Is ((5702/o)/(-1))/((-13)/65) a composite number?
False
Let d(s) = -4*s**3 - 44*s**2 + 5*s + 32. Let p be d(-12). Suppose 5*x - 14 = 41. Suppose -x*m = p - 5465. Is m prime?
False
Suppose -21*p + 289179 = 12*p. Suppose 6*y - 3*y = p. Is y prime?
False
Suppose -2*x + 2 = -3*h + 6, 3*h - x = -1. Let m(v) = 108*v + 25. Let w(l) = 107*l + 23. Let k(f) = 2*m(f) - 3*w(f). Is k(h) composite?
False
Let c = 201968 - 136345. Is c a prime number?
False
Let y(r) = 20 + 135*r + 11 - 12 + r. Is y(12) a composite number?
True
Let b = -259 - -384. Suppose 0 = b*u - 123*u - 23692. Is u prime?
False
Suppose 0 = -4*q + 2*j + 48, -q - 3*j + 0 = -12. Suppose 5*w = -3*f + 5320, q = 2*w - 3*f - 2137. Is w a prime number?
False
Suppose y + 65672 = c - 4831, -2*c = 3*y - 140996. Is c prime?
True
Let g = 113851 + -39720. Is g composite?
False
Suppose 0 = -1679*f + 1677*f + 180374. Is f a composite number?
False
Is (-2 - -3)/(12 - (-35892830)/(-2991070)) + 4 prime?
False
Let d = -532 + -294. Let b = -76 - d. Let p = b - 496. Is p a prime number?
False
Suppose 73*q + 71*q + 3643341 = 147*q. Is q prime?
False
Suppose 0 = 2*t - 3*q + 1779, -1354 = 3*t + 2*q + 1321. Let x(v) = 3*v**2 - 25*v - 180. Let k be x(28). Let h = t + k. Is h composite?
True
Let s = -38 + 60. Suppose 5*x - s = 23. Is (-2)/(-4) - (9225/(-10))/x a composite number?
False
Suppose 71*r + 1125225 - 5503896 = 4983886. Is r prime?
False
Let q = 1005 - -957. Let j = 5569 - q. Is j a composite number?
False
Let u(b) be the third derivative of -b**6/120 + b**5/12 + b**3/3 - 26*b**2. Let p be u(5). Suppose -4*q + p*q - 1176 = -4*o, -8 = 4*q. Is o a prime number?
True
Let i be -4 - 3/((-75)/(-40))*-5. Suppose 3*c - 2372 = -5*l, -i*c - 4*l + 3975 = c. Is c a prime number?
False
Let k be 23459 + (-10)/175*-7*-10. Suppose 0 = 44*s - 32469 - k. Is s composite?
True
Let o(n) = 10388*n + 665. Is o(6) composite?
True
Suppose 0 = p + 5*w - 447, 2*p - w = p + 471. Is p a composite number?
False
Let y(k) = -32*k**3 - 325 + 319 - 7*k**2 + 27*k - 33*k. Suppose -5*f = -2 + 22. Is y(f) a composite number?
True
Let x = 92999 + -46296. Is x composite?
False
Let o(x) = -18*x + 568. Let c be o(0). Suppose 5*w - 2810 = -5*u, -2*w + 5*w = -u + c. Is u a prime number?
False
Let q(d) = -61*d - 175. Let y be q(-5). Let v(i) = 2*i - 10. Let x be v(6). Is 85644/y - x/(-10) a composite number?
False
Let u = -65 + 112. Let j = u + -44. Suppose 0 = -j*m + 4*r + 6673, -3*m + 9653 - 3008 = 3*r. Is m composite?
True
Suppose y - 781 = 2*h, -3*y = 4*h - 1575 - 738. Suppose r - 5913 = y. Is 6/18 - (r/(-6))/1 a prime number?
False
Let t(w) = 59*w**3 + 5*w**2 + 5*w - 70. Let v be t(10). Suppose k = -4*x - 13673 + v, -4*x + 4*k + 45832 = 0. Is x a prime number?
False
Is (-2)/26 - 331808224/(-2288) a composite number?
False
Suppose -4*k + 352 = -4*x, 1 - 2 = -k. Let j = x - -90. Suppose 5*f + j*s - 1255 = 0, 4*f = -2*s - 0*s + 1004. Is f prime?
True
Suppose 0*u = 3*u - 9. Let m(o) = -10*o + 510. Let y be m(-30). Suppose -u*g - y = -k - 5442, -3*g + 4617 = 4*k. Is g composite?
False
Let v be 63/14*(-4)/(-2). Let a(i) = -4*i + 16. Let j be a(v). Is 5/j - (-2425)/20 a composite number?
True
Let r = 995 + 1316. Let p = -1470 + r. Is p composite?
True
Is 15/(-45)*-6 - -16299 a prime number?
True
Let o = 49 + -99. Let c = o + 213. Suppose 4*t - 5*y - 217 = 0, -3*t - 2*y = -6*y - c. Is t prime?
True
Suppose o - 1102893 = -4*s, -3077*o = -3081*o + 2*s + 4411482. Is o a composite number?
True
Suppose 0 = -4*y - 0*y + 12. Suppose y*q - 30701 = -b - 8672, -3*q + 22029 = 5*b. Is q a prime number?
False
Let p be 15 + -2 + -1 + 1. Let k(m) be the second derivative of 3*m**4/4 + 5*m**2 - 80*m - 2. Is k(p) a composite number?
False
Suppose 0 = -5*i - 1 + 6. Let l be 136/32*i*68. Let g = l + 42. Is g prime?
True
Let w(k) = -248*k + 92. Let g be w(14). Let z = g + 5433. Is z composite?
False
Suppose -19*a + 14*a + 1048189 = 2*m, -2*m = -